{"id":70,"date":"2025-07-10T20:59:37","date_gmt":"2025-07-10T20:59:37","guid":{"rendered":"https:\/\/www.kotkabaari.fi\/?post_type=product&#038;p=70"},"modified":"2025-07-15T13:45:43","modified_gmt":"2025-07-15T13:45:43","slug":"kalaherkku-ja-vihannekset","status":"publish","type":"product","link":"https:\/\/www.kotkabaari.fi\/index.php\/tuote\/kalaherkku-ja-vihannekset\/","title":{"rendered":"Kalaherkku ja vihannekset (N\u00e4m\u00e4 ovat testiruokia verkkokaupassa) (Test foods to webshop)"},"content":{"rendered":"<p>Tuoretta kotimaista luonnonkalaa kasvipedill\u00e4. T\u00e4st\u00e4 ei kala-annos en\u00e4\u00e4 parane.<\/p>\n<p>&nbsp;<\/p>\n<p>&nbsp;<\/p>\n","protected":false},"excerpt":{"rendered":"<p>Tuoretta kotimaista luonnonkalaa kasvipedill\u00e4. T\u00e4st\u00e4 ei kala-annos en\u00e4\u00e4 parane. &nbsp; &nbsp;<\/p>\n","protected":false},"featured_media":69,"comment_status":"open","ping_status":"closed","template":"","meta":{"jetpack_publicize_message":"","jetpack_publicize_feature_enabled":true,"jetpack_social_post_already_shared":false,"jetpack_social_options":{"image_generator_settings":{"template":"highway","default_image_id":0,"font":"","enabled":false},"version":2}},"product_brand":[],"product_cat":[20],"product_tag":[21],"class_list":{"0":"post-70","1":"product","2":"type-product","3":"status-publish","4":"has-post-thumbnail","6":"product_cat-kalaruuat","7":"product_tag-kala","9":"first","10":"instock","11":"taxable","12":"shipping-taxable","13":"purchasable","14":"product-type-simple"},"jetpack_publicize_connections":[],"jetpack_sharing_enabled":true,"_links":{"self":[{"href":"https:\/\/www.kotkabaari.fi\/index.php\/wp-json\/wp\/v2\/product\/70","targetHints":{"allow":["GET"]}}],"collection":[{"href":"https:\/\/www.kotkabaari.fi\/index.php\/wp-json\/wp\/v2\/product"}],"about":[{"href":"https:\/\/www.kotkabaari.fi\/index.php\/wp-json\/wp\/v2\/types\/product"}],"replies":[{"embeddable":true,"href":"https:\/\/www.kotkabaari.fi\/index.php\/wp-json\/wp\/v2\/comments?post=70"}],"wp:featuredmedia":[{"embeddable":true,"href":"https:\/\/www.kotkabaari.fi\/index.php\/wp-json\/wp\/v2\/media\/69"}],"wp:attachment":[{"href":"https:\/\/www.kotkabaari.fi\/index.php\/wp-json\/wp\/v2\/media?parent=70"}],"wp:term":[{"taxonomy":"product_brand","embeddable":true,"href":"https:\/\/www.kotkabaari.fi\/index.php\/wp-json\/wp\/v2\/product_brand?post=70"},{"taxonomy":"product_cat","embeddable":true,"href":"https:\/\/www.kotkabaari.fi\/index.php\/wp-json\/wp\/v2\/product_cat?post=70"},{"taxonomy":"product_tag","embeddable":true,"href":"https:\/\/www.kotkabaari.fi\/index.php\/wp-json\/wp\/v2\/product_tag?post=70"}],"curies":[{"name":"wp","href":"https:\/\/api.w.org\/{rel}","templated":true}]}}